5 and 621717.
3
What is the highest common divisor of 335 and 6815441?
67
What is the greatest common factor of 1217480 and 5786?
22
Calculate the greatest common factor of 1098586 and 66670.
226
What is the highest common factor of 47811024 and 240?
48
Calculate the greatest common factor of 3808595 and 19465.
85
Calculate the greatest common factor of 1289510000 and 800.
400
Calculate the highest common factor of 8 and 8164220.
4
What is the highest common factor of 194 and 559120?
2
What is the highest common divisor of 986 and 1452446?
34
What is the greatest common divisor of 238301 and 868385?
4039
What is the greatest common factor of 2530 and 6032095?
115
Calculate the greatest common divisor of 2249960 and 120.
40
Calculate the greatest common factor of 278987 and 1258.
17
What is the greatest common divisor of 959040 and 76680?
1080
Calculate the greatest common factor of 1766 and 4370.
2
Calculate the highest common factor of 32 and 65144176.
16
What is the greatest common factor of 420 and 50094504?
12
What is the greatest common factor of 27865513 and 26?
13
Calculate the highest common factor of 160805 and 6438.
29
Calculate the greatest common divisor of 71205 and 98865.
15
Calculate the highest common factor of 5459692 and 20.
4
Calculate the greatest common divisor of 4672 and 17256032.
2336
Calculate the greatest common factor of 9035702 and 6243.
2081
What is the greatest common divisor of 1394262166 and 44?
22
Calculate the highest common factor of 1481101 and 43869.
2089
What is the highest common factor of 1015 and 634085?
145
What is the greatest common factor of 2660 and 24681608?
532
What is the highest common divisor of 3103598 and 274?
274
What is the highest common factor of 9820053 and 3582?
1791
Calculate the highest common divisor of 3560 and 2010020.
20
What is the highest common factor of 3726650 and 3650?
3650
Calculate the highest common factor of 18837 and 1955667.
483
What is the greatest common divisor of 51421983 and 21?
3
What is the highest common divisor of 4370 and 697414?
38
What is the highest common factor of 45560 and 518044?
268
Calculate the highest common divisor of 6629642 and 4310.
862
Calculate the highest common divisor of 1687131 and 221.
17
Calculate the highest common factor of 399184 and 12200.
488
Calculate the greatest common factor of 150202 and 6318.
26
What is the greatest common divisor of 9531 and 2133179?
353
What is the greatest common factor of 6874 and 18578?
14
What is the greatest common factor of 2096 and 119523352?
1048
What is the highest common factor of 730 and 208475955?
365
What is the greatest common divisor of 239365445 and 5335?
5335
What is the greatest common factor of 4380880 and 16240?
560
Calculate the highest common divisor of 41 and 4610163.
41
What is the highest common divisor of 84206576 and 136?
136
Calculate the highest common factor of 246375 and 16750.
125
What is the greatest common divisor of 4649601 and 99?
33
What is the highest common divisor of 1508 and 113796?
116
What is the highest common divisor of 41653625 and 65?
65
Calculate the highest common divisor of 4515 and 32886.
21
What is the highest common divisor of 3077 and 100402?
17
Calculate the greatest common factor of 1389216 and 136416.
2784
What is the greatest common factor of 4 and 315895448?
4
What is the greatest common divisor of 1666 and 23689246?
98
Calculate the greatest common factor of 8648 and 115112.
8
Calculate the greatest common factor of 64 and 231502808.
8
What is the highest common factor of 64 and 1166176?
32
Calculate the highest common factor of 226407576 and 12.
12
What is the greatest common factor of 272040 and 27480?
120
What is the greatest common factor of 54145292 and 1803?
601
Calculate the greatest common factor of 190906902 and 1332.
666
Calculate the highest common factor of 85792718 and 1342.
1342
Calculate the highest common factor of 28546884 and 72.
36
Calculate the greatest common factor of 609268 and 303292.
2684
What is the greatest common factor of 3777855 and 285?
15
What is the highest common factor of 1106581 and 357?
119
What is the highest common divisor of 15174 and 119569434?
1686
Calculate the greatest common divisor of 4928 and 9406144.
704
Calculate the greatest common factor of 199836 and 1268068.
244
What is the highest common divisor of 162408 and 366624?
1608
Calculate the greatest common factor of 17938095 and 1720.
215
What is the highest common divisor of 21088 and 298780056?
5272
What is the highest common factor of 118 and 1922102?
118
Calculate the highest common divisor of 94236397 and 467.
467
Calculate the highest common divisor of 2020 and 37588.
4
What is the greatest common factor of 495 and 295227?
9
What is the highest common factor of 108580 and 231044?
356
What is the highest common factor of 686859 and 3?
3
Calculate the highest common divisor of 3170 and 157896432.
634
What is the highest common factor of 30576 and 1821183?
1911
Calculate the highest common factor of 10628111 and 117.
13
What is the greatest common divisor of 86856 and 143256564?
6204
What is the greatest common divisor of 1532 and 74211612?
1532
What is the greatest common divisor of 25364102 and 6145?
1229
Calculate the greatest common divisor of 2304 and 126297.
9
Calculate the greatest common divisor of 88 and 6771094.
22
Calculate the highest common factor of 2322 and 174959217.
1161
What is the greatest common factor of 1321946 and 10?
2
Calculate the highest common factor of 16660 and 309792.
28
Calculate the highest common factor of 10848438 and 237.
237
Calculate the highest common factor of 4442592 and 27552.
672
What is the highest common factor of 5310999 and 1863?
207
Calculate the highest common factor of 50868 and 1489428.
324
What is the highest common divisor of 1161523 and 560102?
4591
Calculate the greatest common divisor of 1090 and 51304992.
218
Calculate the greatest common factor of 52384755 and 225.
15
Calculate the greatest common factor of 64 and 66754.
2
Calculate the highest common divisor of 25857 and 151623.
153
Calculate the highest common factor of 11391498 and 432.
18
Calculate the highest common factor of 1540 and 3408944.
308
Calculate the highest common divisor of 91950 and 131730.
30
Calculate the highest common divisor of 550314 and 22626.
54
Calculate the greatest common divisor of 837 and 1741740084.
837
What is the greatest common factor of 320 and 31707584?
64
Calculate the highest common factor of 24193517 and 1919.
19
Calculate the highest common factor of 20072187 and 90.
9
Calculate the greatest common factor of 14672 and 12334567.
917
Calculate the highest common divisor of 2895035 and 605.
55
What is the highest common factor of 56125036 and 66?
22
What is the highest common factor of 20792 and 4631326?
46
Calculate the highest common divisor of 1581 and 209231121.
1581
What is the highest common factor of 399852288 and 15552?
5184
Calculate the greatest common divisor of 28260 and 133220.
20
What is the highest common factor of 4434 and 626561889?
2217
What is the highest common factor of 40541340 and 60?
60
Calculate the greatest common divisor of 14697198 and 389.
389
Calculate the highest common divisor of 78452 and 265100.
44
What is the greatest common divisor of 30537 and 755078220?
10179
What is the highest common divisor of 26642 and 9174536?
2422
Calculate the highest common divisor of 5031 and 7834428.
387
Calculate the greatest common divisor of 14 and 1035326.
2
Calculate the highest common divisor of 263833 and 5359.
23
What is the highest common divisor of 64305 and 55215?
45
Calculate the greatest common factor of 4890 and 15556720.
1630
Calculate the highest common divisor of 121114 and 12054.
574
What is the highest common factor of 2729812 and 531?
59
What is the highest common divisor of 24914982 and 2226?
318
What is the highest common factor of 100007 and 289711?
1031
Calculate the highest common divisor of 238029994 and 1842.
614
What is the greatest common divisor of 19294 and 1858054?
22
What is the greatest common divisor of 3430 and 34445775?
1715
What is the greatest common factor of 150 and 244098?
6
What is the greatest common divisor of 48325230 and 720?
90
Calcula